0 = 3*i + 2*i + t - 673. Let g = -76 + i. Calculate the remainder when g is divided by 12.
10
Calculate the remainder when (2*131/(-2))/((-4)/4) is divided by 19.
17
Suppose 114 = 2*x - 4*r, 0 = -4*x + r + 2*r + 203. Let u = -34 + x. What is the remainder when 2/(-5) + 384/10 is divided by u?
12
Suppose -2*g + 6 = 0, 2*g + 78 = 5*t - 2*g. Let h = 33 - t. Let o(j) = 3*j**2 + j + 4. Calculate the remainder when o(-3) is divided by h.
13
Suppose -2*u = -0*b + b - 36, -b + 26 = 4*u. Let o(w) = 4*w - 3. Let m be o(2). Suppose -53 = -m*v + 27. What is the remainder when b is divided by v?
14
Calculate the remainder when 17 is divided by (0 - 2 - 0) + 7.
2
Let o be (-3 - -1)/((-3)/(-6)). Let g = o + 6. What is the remainder when 3 is divided by g?
1
Suppose 4*r = 5*h + 15, -h + 4*r - 16 = 3. What is the remainder when 2 is divided by h?
0
Suppose -3*q + 2*q + 9 = 0. Let i(t) = t**3 - 10*t**2 + 13*t - 13. What is the remainder when 44 is divided by i(q)?
21
Let j be -2 + 9/(-1) + 0. What is the remainder when 28 is divided by -4*1 + 3 - j?
8
Suppose 5*k = 37 - 2. Suppose k*u - 3*u = -32. Let j(a) = -a**3 - 9*a**2 - 8*a + 3. Calculate the remainder when 5 is divided by j(u).
2
Suppose 4*p + 21 = -5*j, 2 + 2 = 4*p. Suppose -o = -5*v - 32, -2*o + 39 = -3*v - 32. Calculate the remainder when 10/(-25) - o/j is divided by 4.
3
Let d(r) = -18*r - 115. Suppose 3*l - 45 - 48 = 0. What is the remainder when l is divided by d(-7)?
9
Let f(m) = -2 + m + 0*m + 0*m. Suppose 2*a + 0*a + 7 = g, g + a - 13 = 0. What is the remainder when g is divided by f(6)?
3
Suppose -29 = -y - 19. What is the remainder when 47 is divided by y?
7
Suppose 3*u - 71 = -4*y, 3*y - 15 = -0*y. What is the remainder when 32 is divided by u?
15
Suppose 20 = -4*s - 0*s, 5*a + s = 160. Calculate the remainder when a is divided by 9.
6
Let j = -33 + 42. Calculate the remainder when (-44)/(-8)*(6 - 0) is divided by j.
6
Let h(d) = -2*d**3 - 17*d**2 + d + 8. What is the remainder when h(-9) is divided by 17?
12
Let s(x) be the first derivative of -x**2/2 - 3. Let d(z) = -5. Let k(r) = d(r) + 2*s(r). What is the remainder when 34 is divided by k(-7)?
7
Let y(n) = -n**2 + 12*n + 28. Calculate the remainder when 111 is divided by y(12).
27
Suppose 0 = z - 6*z. Suppose z*c - 2*c = -76. What is the remainder when c is divided by 20?
18
Let y = -1 + 3. Suppose -2*r - y*r + 32 = 0. What is the remainder when 15 is divided by r?
7
Let m(h) = -h + 28. Let c be m(0). Suppose -5*l = -3*r + 64, 2*l - 86 = -0*r - 5*r. Let v = c - r. Calculate the remainder when 19 is divided by v.
9
Suppose -3*r + 15 = 0, 4*n - 19 = -r - 2*r. Let q be (4 - n)*64/6. Suppose -4*y + q - 12 = 0. Calculate the remainder when 9 is divided by y.
4
Let y(c) = -c**3 + 10*c**2 + 12*c - 2. Let w(b) = -2*b**3 + 20*b**2 + 25*b - 3. Let h(x) = 3*w(x) - 5*y(x). What is the remainder when h(11) is divided by 24?
21
Suppose -4*f + 156 = -0*f. What is the remainder when f is divided by 20?
19
Calculate the remainder when 94 - (5/(-1) + 8) is divided by 14.
7
Let r be (0 + 1 - 0)/1. Let s = -11 - -14. Let t = s - r. Calculate the remainder when 5 is divided by t.
1
Suppose 4*t - 34 = -2*r, -t + 4*r + 7 = -24. What is the remainder when t is divided by 5?
1
Suppose d - 96 = -2*d. Calculate the remainder when 62 is divided by d.
30
Let b be ((1 - 21)*-1)/1. Let i = -12 + b. What is the remainder when 14 is divided by i?
6
Let g(n) = n**2 - n + 2. Let b be 3/9*3 + 131. Let y be 2/(-7) - b/(-21). Calculate the remainder when g(y) is divided by 11.
10
Let h(d) = d**3 - 7*d**2 + 9. What is the remainder when h(8) is divided by 37?
36
What is the remainder when ((-44)/10)/((-1)/15) is divided by 17?
15
Suppose 8*y + 176 = 12*y. Calculate the remainder when y is divided by 9.
8
Suppose 2*y - 12 = 26. What is the remainder when 33 is divided by y?
14
Suppose -2*n + 48 = -5*l, n + 2*n = 5*l + 62. Suppose 4*x - 7 = 1, -3*x - n = -4*j. What is the remainder when 8 is divided by j?
3
Let y be -4 + 4 - (-40)/1. Let v = y - 29. Suppose -k = 4*w + 5, 2*w = -3*w - 15. What is the remainder when v is divided by k?
4
What is the remainder when 1/(4/(-148)*-1) is divided by 10?
7
Let a = -11 + 16. Calculate the remainder when a is divided by 2.
1
Let r = 135 + -72. What is the remainder when r is divided by 11?
8
Let d(v) = v**2 + 6*v - 3. Let a be d(-6). What is the remainder when (-444)/(-18) + (-1)/a is divided by 13?
12
Let n be -3*(0 - (0 - 1)). Let p be (n/(-2))/((-3)/8). Calculate the remainder when 6 is divided by ((-24)/18)/(p/6).
0
Let p = 154 - 76. Calculate the remainder when p is divided by 16.
14
Let g be ((-170)/25)/(2/(-10)). Suppose 2*m + g = 4*z, 0 = -2*z - z - 3*m + 48. Calculate the remainder when z is divided by 3.
2
Let h(y) = -5 - 4*y + 4*y**2 - 2 - 2*y**2. Calculate the remainder when h(6) is divided by 14.
13
Calculate the remainder when 55 is divided by (24/18)/(1/6).
7
Suppose 6*w - 18 = 3*w - 3*p, w = 3*p + 2. Calculate the remainder when w is divided by 2.
1
Let g(l) = l**3 + l**2 - 3*l - 1. Calculate the remainder when -16*(-3)/(-12)*-19 is divided by g(3).
24
Let o(s) = -s**2 + s + 20. Let p = -496 + 504. What is the remainder when o(0) is divided by p?
4
Suppose -f = b - 17, -2*f = f + b - 59. Let l = -6 - -9. Suppose -3*d - 45 = -3*q, -q = 3*q - l*d - 56. What is the remainder when f is divided by q?
10
Suppose 3*u = -2*g + 9, 0 = -5*g + 2*g - 3*u + 21. Calculate the remainder when 47 is divided by g.
11
Let f(y) = -2 + 2*y**2 + 2 + 1. Let h be f(5). Suppose 7*x - 4*x = h. What is the remainder when x is divided by 9?
8
Suppose 0 = 3*z - 214 + 43. Let d = z - 37. What is the remainder when d is divided by (4 - 3/1)*11?
9
Calculate the remainder when (-186)/(-9)*(-12)/(-4) is divided by 33.
29
Suppose -4*k - y + 16 = 0, 4*k + 5*y - 13 - 3 = 0. Suppose 0 = k*d - 35 - 53. What is the remainder when d is divided by 6?
4
Suppose 0 = 4*c - 4. Suppose 3*u - 15 = -0*u + 3*q, 12 = 4*u - 2*q. What is the remainder when u is divided by c?
0
Let v = -27 - -39. Calculate the remainder when v is divided by 3.
0
Let z = -8 + 89. Calculate the remainder when z is divided by 28.
25
Suppose -r + 0*r = -13. Calculate the remainder when 63 is divided by r.
11
Let m = -76 - -35. Suppose 2*r = 65 + 105. Let f = r + m. What is the remainder when f is divided by 15?
14
Let n(u) = u**2 - 19*u - 1. Calculate the remainder when n(21) is divided by 22.
19
Let j(z) = z**3 + 6*z**2 - 4*z. Suppose -29 = 4*r + 5*c, -2*c + 5*c = -5*r - 33. What is the remainder when j(r) is divided by 13?
11
Calculate the remainder when 32 is divided by 3 - (4/(-1))/1.
4
Suppose 0 = 3*m - d - 40, 2*m + m - 3*d - 48 = 0. What is the remainder when 27 is divided by (m/2)/2 - -4?
6
Let s = -14 - -15. What is the remainder when 3 is divided by s?
0
Let h = 432 - 297. Let w(u) = 22*u + 166. What is the remainder when h is divided by w(-6)?
33
Let v(a) = -8*a - 7. Let u be v(5). Let l(p) = -p - 37. Let w be l(-6). Let y = w - u. What is the remainder when 47 is divided by y?
15
Suppose -3*o - 8 = -5*o. Suppose 10 = -3*c + 43. Suppose a + o = c. Calculate the remainder when 20 is divided by a.
6
What is the remainder when 92 is divided by (-55 + 24)*(2 - 1)*-1?
30
Let q(k) = -4*k - 6. Let l(a) = a**3 + 2*a**2 + 2*a. Let i be l(-2). Let f = 28 - 10. Calculate the remainder when f is divided by q(i).
8
Suppose 4*r = -0*r. Suppose 3*t - t - 4 = r. Let o = -6 + 7. What is the remainder when t is divided by o?
0
Suppose 0*w - 25 = -w. Calculate the remainder when 73 is divided by w.
23
Suppose -n = -y + 9, -y + n + 3*n = 0. Suppose -2*l - y = 78. Let u = -32 - l. What is the remainder when 24 is divided by u?
11
Let x(f) = f**2 + 4*f + 3. Let r be x(-3). Let t(z) = -133*z**2 + 133*z**2 + 12 + z**3. What is the remainder when 23 is divided by t(r)?
11
Suppose 5 + 1 = 3*o. Suppose -o*h = -5*h + 6. Suppose 14 = 4*m - 2*t, -t + 13 = 2*m - 0*m. Calculate the remainder when m is divided by h.
1
Suppose 3 = 4*t - 5. Suppose w = t*d - 3, w = 4*d + 2*w - 21. What is the remainder when 21/14*(-44)/(-6) is divided by d?
3
Suppose -566 = 2*u - 2*y - 3*y, -16 = -4*y. Calculate the remainder when 117 is divided by u/(-9) + (-2)/6.
27
Suppose -109 - 51 = -4*g. Let c = -19 - -33. What is the remainder 